{"id":66,"date":"2021-05-17T11:03:54","date_gmt":"2021-05-17T11:03:54","guid":{"rendered":"http:\/\/pro-carpentis.de\/?page_id=66"},"modified":"2025-08-22T10:51:03","modified_gmt":"2025-08-22T10:51:03","slug":"home","status":"publish","type":"page","link":"https:\/\/pro-carpentis.de\/","title":{"rendered":"Unternehmen"},"content":{"rendered":"\n<p><strong>\u00dcber uns<\/strong><\/p>\n\n\n\n<p>Pro!Carpentis ist ein kleines inhabergef\u00fchrtes Familienunternehmen mit Sitz in Gelsenkirchen und seit knapp anderthalb Jahrzehnten im Autozubeh\u00f6r-Handel aktiv. Im Laufe der Zeit hat sich die aktuelle Vertriebskanal- und Produktspezialisierung entwickelt: unser Sortiment umfasst derzeit ausschlie\u00dflich Artikel rund um PKW-Au\u00dfenspiegel und unsere Marktpr\u00e4senz beschr\u00e4nkt sich auf den Online-Einzelhandel \u00fcber zwei renommierteste Verkaufsplattformen \u2013 amazon und eBay.<\/p>\n\n\n\n<div class=\"wp-block-columns is-layout-flex wp-container-core-columns-is-layout-9d6595d7 wp-block-columns-is-layout-flex\">\n<div class=\"wp-block-column is-vertically-aligned-center is-layout-flow wp-block-column-is-layout-flow\"><div class=\"wp-block-image\">\n<figure class=\"aligncenter size-full is-resized\"><a href=\"https:\/\/www.amazon.de\/s?me=A35ULEUY3UMEHJ&amp;marketplaceID=A1PA6795UKMFR9\"><img loading=\"lazy\" decoding=\"async\" width=\"2048\" height=\"2048\" src=\"https:\/\/pro-carpentis.de\/wp-content\/uploads\/2025\/08\/amazon-2048-black.png\" alt=\"\" class=\"wp-image-365\" style=\"width:106px;height:auto\" srcset=\"https:\/\/pro-carpentis.de\/wp-content\/uploads\/2025\/08\/amazon-2048-black.png 2048w, https:\/\/pro-carpentis.de\/wp-content\/uploads\/2025\/08\/amazon-2048-black-300x300.png 300w, https:\/\/pro-carpentis.de\/wp-content\/uploads\/2025\/08\/amazon-2048-black-1024x1024.png 1024w, https:\/\/pro-carpentis.de\/wp-content\/uploads\/2025\/08\/amazon-2048-black-150x150.png 150w, https:\/\/pro-carpentis.de\/wp-content\/uploads\/2025\/08\/amazon-2048-black-768x768.png 768w, https:\/\/pro-carpentis.de\/wp-content\/uploads\/2025\/08\/amazon-2048-black-1536x1536.png 1536w, https:\/\/pro-carpentis.de\/wp-content\/uploads\/2025\/08\/amazon-2048-black-1080x1080.png 1080w\" sizes=\"auto, (max-width: 2048px) 100vw, 2048px\" \/><\/a><\/figure><\/div>\n\n<div class=\"wp-block-image\">\n<figure class=\"aligncenter size-full is-resized\"><a href=\"https:\/\/www.ebay.de\/str\/procarpentis?srsltid=AfmBOopEJ-75yCcK1f2p-339ffbzt0Yesfft6xlXhhFw0XhFCBq-k76b\"><img loading=\"lazy\" decoding=\"async\" width=\"2048\" height=\"2048\" src=\"https:\/\/pro-carpentis.de\/wp-content\/uploads\/2025\/08\/ebay-2048-black.png\" alt=\"\" class=\"wp-image-366\" style=\"width:108px;height:auto\" srcset=\"https:\/\/pro-carpentis.de\/wp-content\/uploads\/2025\/08\/ebay-2048-black.png 2048w, https:\/\/pro-carpentis.de\/wp-content\/uploads\/2025\/08\/ebay-2048-black-300x300.png 300w, https:\/\/pro-carpentis.de\/wp-content\/uploads\/2025\/08\/ebay-2048-black-1024x1024.png 1024w, https:\/\/pro-carpentis.de\/wp-content\/uploads\/2025\/08\/ebay-2048-black-150x150.png 150w, https:\/\/pro-carpentis.de\/wp-content\/uploads\/2025\/08\/ebay-2048-black-768x768.png 768w, https:\/\/pro-carpentis.de\/wp-content\/uploads\/2025\/08\/ebay-2048-black-1536x1536.png 1536w, https:\/\/pro-carpentis.de\/wp-content\/uploads\/2025\/08\/ebay-2048-black-1080x1080.png 1080w\" sizes=\"auto, (max-width: 2048px) 100vw, 2048px\" \/><\/a><\/figure><\/div><\/div>\n<\/div>\n\n\n\n<p class=\"has-text-align-left\">Aus der engen Produktspezialisierung und optimierter Lagerhaltung ergeben sich h\u00f6chste Warenverf\u00fcgbarkeit und k\u00fcrzeste Lieferzeiten: die meisten Artikel werden noch am Tag des Zahlungseingangs, sp\u00e4testens jedoch an dem darauffolgenden Werktag versendet. Ohne einen station\u00e4ren Handel im klassischen Sinne zu betreiben, bieten wir unseren Kunden dennoch die M\u00f6glichkeit, alle von uns angebotenen Produkte an unserem Standort zu kaufen sowie die bereits bei amazon oder eBay erworbenen Teile abzuholen.<\/p>\n\n\n\n<p><strong>Standort &amp; Lagerverkauf<\/strong><\/p>\n\n\n\n<p>Osterfeldstra\u00dfe 22 (Lagerhalle)<br>45886 Gelsenkirchen<\/p>\n\n\n\n<p><strong>\u00d6ffnungszeiten<\/strong><\/p>\n\n\n\n<p>Mo. -Fr. von 9:00 bis 15:00 Uhr<\/p>\n\n\n\n<p><strong>Kontakt<\/strong><\/p>\n\n\n\n<p>Telefon: 0209 \/ 1 555 84 80<br>Fax: 0209 \/ 1 555 84 82<br>E-Mail: <a href=\"mailto:procarpentis@web.de\">procarpentis@web.de<\/a><\/p>\n","protected":false},"excerpt":{"rendered":"<p>\u00dcber uns Pro!Carpentis ist ein kleines inhabergef\u00fchrtes Familienunternehmen mit Sitz in Gelsenkirchen und seit knapp anderthalb Jahrzehnten im Autozubeh\u00f6r-Handel aktiv. Im Laufe der Zeit hat sich die aktuelle Vertriebskanal- und Produktspezialisierung entwickelt: unser Sortiment umfasst derzeit ausschlie\u00dflich Artikel rund um PKW-Au\u00dfenspiegel und unsere Marktpr\u00e4senz beschr\u00e4nkt sich auf den Online-Einzelhandel \u00fcber zwei renommierteste Verkaufsplattformen \u2013 amazon&hellip; <br \/> <a class=\"button small blue\" href=\"https:\/\/pro-carpentis.de\/\">Weiterlesen<\/a><\/p>\n","protected":false},"author":1,"featured_media":354,"parent":0,"menu_order":0,"comment_status":"closed","ping_status":"closed","template":"template-business.php","meta":{"footnotes":""},"class_list":["post-66","page","type-page","status-publish","has-post-thumbnail","hentry"],"_links":{"self":[{"href":"https:\/\/pro-carpentis.de\/index.php?rest_route=\/wp\/v2\/pages\/66","targetHints":{"allow":["GET"]}}],"collection":[{"href":"https:\/\/pro-carpentis.de\/index.php?rest_route=\/wp\/v2\/pages"}],"about":[{"href":"https:\/\/pro-carpentis.de\/index.php?rest_route=\/wp\/v2\/types\/page"}],"author":[{"embeddable":true,"href":"https:\/\/pro-carpentis.de\/index.php?rest_route=\/wp\/v2\/users\/1"}],"replies":[{"embeddable":true,"href":"https:\/\/pro-carpentis.de\/index.php?rest_route=%2Fwp%2Fv2%2Fcomments&post=66"}],"version-history":[{"count":34,"href":"https:\/\/pro-carpentis.de\/index.php?rest_route=\/wp\/v2\/pages\/66\/revisions"}],"predecessor-version":[{"id":367,"href":"https:\/\/pro-carpentis.de\/index.php?rest_route=\/wp\/v2\/pages\/66\/revisions\/367"}],"wp:featuredmedia":[{"embeddable":true,"href":"https:\/\/pro-carpentis.de\/index.php?rest_route=\/wp\/v2\/media\/354"}],"wp:attachment":[{"href":"https:\/\/pro-carpentis.de\/index.php?rest_route=%2Fwp%2Fv2%2Fmedia&parent=66"}],"curies":[{"name":"wp","href":"https:\/\/api.w.org\/{rel}","templated":true}]}}